 h composite?
False
Let d(i) = 14*i**2 + 4*i - 6473. Is d(125) a prime number?
True
Is -6 - 5 - ((-8 - -1) + 1) - -208208 prime?
False
Let b = 2574 - -4271. Suppose -n + 4*p = -8007, 9213 = 2*n + 3*p - b. Is n prime?
False
Let v be (-51 - -6 - -1) + 0 + 1. Let z = 274 - v. Is z a prime number?
True
Let b = 214 + 1438. Let q = 1641 + b. Is q a prime number?
False
Suppose -7*f + 10935 = -6*f - j, 3*f = 4*j + 32803. Is f a composite number?
False
Let i(a) = -6*a**3 + a**2 - 7*a + 13. Let r be i(5). Let t = r + 2040. Is t prime?
False
Suppose 368*s = 157*s + 22863749. Is s a prime number?
True
Suppose -10 = 4*q - a, q - 3 = -5*a + 5. Is 3659/(4/(-8)*q) composite?
False
Suppose -38 = -2*t - 2*v, 7*t = 4*t + 3*v + 75. Let a(c) = t*c - 179*c - 3 + 0. Is a(-2) composite?
False
Let f = -1121982 - -1619379. Is f a prime number?
False
Let d = 34347 - 109. Let r = d + -18153. Is r composite?
True
Let o(x) be the second derivative of 9*x**5/10 - 11*x**4/12 - 5*x**3/6 - 7*x**2/2 - 2*x + 49. Is o(6) composite?
True
Let d = 86723 + 32484. Is d prime?
False
Suppose -935871 - 1349281 = -32*x. Is x a prime number?
True
Suppose -5*r + 30 = -2*g, -1 = -2*r + 2*g + 11. Suppose -r*t - 662 = -2*a - 2*t, t = 0. Suppose 0 = 4*q - 2675 + a. Is q composite?
True
Suppose -5*o - 2*l + 320928 = 39261, o - 4*l = 56329. Is o a composite number?
False
Suppose -179 - 379 = -6*l. Let d = 93 - l. Suppose 755 = 2*t + i, d = -t + i + i + 375. Is t a composite number?
True
Let t = 38 - 40. Let i be (t - -11)/((-2)/(-18)). Let y = 152 - i. Is y a prime number?
True
Let d = 22593 - -910666. Is d composite?
False
Suppose -1632*m + 54 = -1629*m. Suppose -19356 = -m*u + 48810. Is u prime?
False
Let u(c) = 104996*c - 4451. Is u(5) a composite number?
False
Suppose 628 = -b - 208. Let z be 15*-1*(7 + b/(-12)). Let u = 1667 + z. Is u prime?
False
Let u(l) = -56*l**3 - 7*l**2 + 25*l + 161. Is u(-15) a prime number?
True
Suppose 0 = -3*t + 5*b + 9, -6*b + b = t + 17. Let j(a) = -4096*a + 5. Is j(t) a composite number?
True
Let k(g) = 10 + 4 + 347*g + 3 - 8. Is k(11) composite?
True
Let n = -246928 + 365609. Is n a composite number?
False
Let s(o) be the first derivative of -482*o**2 - 2*o - 23. Let p be s(3). Let l = -1723 - p. Is l prime?
True
Suppose 5*j - 10510 = -5*m, -m - 7*j = -9*j - 2111. Let d = m - 1408. Is d composite?
True
Suppose -4*z + 3*g = 2977 + 29147, 5*g = -z - 8031. Let c = 13610 + z. Is c prime?
False
Let f(j) = -449*j**3 - 2*j**2 - 109*j - 251. Is f(-12) prime?
False
Let f(t) = 8*t - 4. Let u be f(-10). Let l = -63 - u. Is ((-98)/l)/(4/(-138)) prime?
False
Suppose 3 = -o - 0*o, 3*d - 2*o - 34113 = 0. Suppose 45*n - 46*n + d = 0. Is n composite?
False
Suppose 3 = -u + 6*u - 4*s, 5*s = u + 12. Let m be u/2*16/24*5. Suppose -5*h + 1917 = -3*w, 3*h + 248 = m*w + 1411. Is h prime?
False
Is 1/(-1) + 1 + (179770 - -441) a composite number?
False
Let f(k) = 6*k**2 + k - 1. Let m be f(1). Let w be 403 - (9/m)/(6/8). Suppose 2*b - 2*y = b + w, 5*b + y = 1950. Is b prime?
False
Suppose -39140 = 15*b - 20*b. Suppose -3*h + b = h. Let c = h - 446. Is c prime?
True
Let b be -36*4/(-8)*-2. Let r be 5/7 + b/(-126). Is r - 0 - 1580/(-10) prime?
False
Let k(g) = -g - 25. Let p be k(-28). Suppose 15 = 3*n, p*n + 3438 = 3*z - 0*z. Is z a prime number?
True
Let i(p) = 2*p**2 - 9*p - 4. Let u be i(3). Is 2 + u/((-26)/4890) a composite number?
False
Suppose -2*h = 2*g - 116, g - 38 - 12 = h. Suppose 6*c = g*c - 267792. Is c prime?
False
Let w(g) be the second derivative of -g**5/20 - 5*g**4/2 - 28*g**3/3 - 11*g**2/2 + 120*g. Is w(-32) composite?
True
Let n = 105 + -100. Suppose 4*o = n*s - 10749, -s + 4*s = -3*o + 6444. Is s prime?
False
Suppose 0*d = -5*w - d + 4, 0 = -w + 3*d + 4. Let g(r) = -2*r**2 - 150*r + 145*r**3 + 1 + 3*r**2 + 1261*r**3 + 300*r - 153*r. Is g(w) prime?
False
Let y be (3 + -6)*(-12)/9. Suppose -5*b + 5 = -3*q, y*b - 3 - 3 = 2*q. Suppose -b*x - 68 = -2*d - 2*x, -4*x = 5*d - 170. Is d a prime number?
False
Let j be ((-2)/(-2) - -3)/((-2)/(-16)). Suppose -35*c + 2445 = -j*c. Is c prime?
False
Let q(w) = 18*w**3 - 2*w**2 + 22*w + 11. Let n be q(7). Let m = -7 - -9. Suppose m*c + n = 5*x + c, 1269 = x + 5*c. Is x a composite number?
False
Let k be 2801 + (1 - -1) + -3. Let y = k - -1041. Suppose -5*r + 2569 = -3*r + 3*p, -3*r - 2*p = -y. Is r a prime number?
True
Suppose 2*b - 3*h = 1, 0*h + 3*h = 4*b - 11. Let n be 0*(-11)/(-55) + 3. Suppose 0 = -f - 2, b*d - n*d - 3*f = 7984. Is d a composite number?
False
Let r(m) = 32*m**2 - 2*m - 12. Let g be r(-6). Let x = -865 + 276. Let u = g + x. Is u a composite number?
False
Let x = 43644 + -9965. Is x a composite number?
False
Let g = 46 + -44. Let a(b) = -4*b**3 + b + 2 + 9*b**3 - 6*b**3 - 5*b**g + 2*b. Is a(-7) prime?
True
Let o(g) = -3*g - 27. Let k be o(-8). Let u be -12*k*3/27. Suppose u*x + 10 = -2, -5*c = -x - 173. Is c composite?
True
Let f(w) = w + 2. Let o be f(-6). Let y(v) be the second derivative of -2*v**5 - v**4/4 + 5*v**3/3 + 5*v**2/2 - 728*v. Is y(o) a composite number?
False
Let n be ((-1258)/(-6) - -4)/((-10)/30). Let r = n - -3804. Is r a prime number?
True
Is 0 - (-2733 - (-5 + 4))*(-80)/(-64) prime?
False
Is (516/(-688))/(4/(-1398128)) prime?
False
Let t(w) = 2*w**3 - 3*w**2 - 5*w - 1. Let y = 288 - 405. Let p be (-1)/2 - y/18. Is t(p) composite?
False
Suppose 3*q = 3*c + 45, -c - 18 = 3*q - 71. Let h(x) = 478*x + 83. Is h(q) composite?
False
Suppose -2*m - 3*m = 5*a - 282820, 4*a = -3*m + 169687. Is m a prime number?
True
Let s(n) = 3*n + 23. Let p be s(-8). Let i = -1 - p. Suppose 2*r - 470 - 1008 = i. Is r a prime number?
True
Let l(i) = -2*i**2 - 34*i + 38. Let m be l(-18). Suppose -4*c = -4*j - 3224, 2*c = -m*j + 1398 + 202. Is c prime?
False
Let j(t) be the first derivative of -t**3/3 + 17*t**2/2 - 30*t - 9. Let i be j(15). Suppose -2*h + 1074 + 484 = i. Is h prime?
False
Suppose -7*q + 233982 = -198989. Is q a prime number?
False
Suppose d = -2800 + 2793, i - 3*d = 143240. Is i a composite number?
True
Let l(y) = 47*y - 28. Let z = 25 + -21. Let t be 0/(0 + z) + 9. Is l(t) a prime number?
False
Let j = 686 - 1395. Let p = 1206 + j. Is p a composite number?
True
Let g(i) = 80*i**2 - 5*i + 8. Let j = 247 + -244. Is g(j) a prime number?
False
Let u(n) = -2*n**3 + n. Let k(h) = 80*h**3 + 8*h**2 - 9*h + 1. Let a(l) = k(l) - 3*u(l). Is a(5) composite?
False
Suppose 71*r - 12 = 68*r. Suppose r*c - 2*k - 7728 = 0, 0 = c + 4*k - 9*k - 1941. Is c composite?
False
Let q(i) = 29*i**2 - 30*i - 5. Let n be q(-19). Suppose 12*z + n - 51666 = 0. Is z a prime number?
False
Let k = -4275 - -2759. Is k/6*(-24)/16 a prime number?
True
Suppose -16 = -5*k + 5*f - 3*f, k - 2*f - 8 = 0. Suppose 14 = h - p + 6*p, -34 = -4*h + k*p. Let l(z) = 5*z**2 + z - 1. Is l(h) a composite number?
True
Is (-298*(-19)/(-266))/((-2)/2506) a composite number?
True
Let q(l) be the second derivative of -55*l**3/6 - 14*l**2 + 28*l. Let s be (-500)/30 + ((-6)/(-9) - 1). Is q(s) a prime number?
True
Let q(m) be the third derivative of m**6/60 + 19*m**5/60 - 23*m**4/24 + 7*m**3/2 - 2*m**2 - 6. Is q(10) a composite number?
False
Let f(y) = -1418*y - 12. Let i be f(-3). Suppose -830 = 4*h - i. Is h a composite number?
False
Suppose -p = -13*p - 48. Is p/(-10) - (-1165530)/50 prime?
True
Let c(v) = 36269*v**2 + 69*v + 125. Is c(-2) prime?
True
Let r(b) = b**3 + 18*b**2 - 20*b - 13. Let a be r(-19). Let p(c) = 32*c**2 - 7*c - 9. Is p(a) a prime number?
False
Let r(t) = 30*t + 5. Let g(z) = -91*z - 16. Let v(d) = 6*g(d) + 17*r(d). Is v(-21) a prime number?
False
Suppose 46*h - 3718 = 57*h. Let i be 3979/3 + 12/18. Let p = h + i. Is p composite?
True
Let l(n) = -96491*n**3 + 2*n**2 - 97*n - 97. Is l(-1) a prime number?
True
Suppose -3*i = 4*b - 156943 - 105850, -5*i - b + 437977 = 0. Is i a prime number?
False
Let m(n) = -n**2 - 7*n + 3. Let u be m(-7). Suppose -u*k + 7*k + 8 = 0. Is (-11)/(k + (-84)/88*-2) a composite number?
True
Suppose -7*a = 364074 - 3311459. Is a prime?
False
Let v(h) = 3*h + 849. Let b(c) = c + 425. Let d = -40 - -45. Let m(z) = d*b(z) - 2*v(z). Is m(0) a prime number?
False
Let h(j) = -140*j**2 - 44*j. Let k be h(-5). Let b = 6359 + k. Is b a prime number?
True
Let k(m) = 13*m**2 + 314*m + 67. Is k(64) composite?
True
Let p(u